{"id":5298,"date":"2026-03-31T13:34:34","date_gmt":"2026-03-31T13:34:34","guid":{"rendered":"https:\/\/enlucpaz.com\/?page_id=5298"},"modified":"2026-04-03T14:47:21","modified_gmt":"2026-04-03T14:47:21","slug":"prensa","status":"publish","type":"page","link":"https:\/\/enlucpaz.com\/?page_id=5298","title":{"rendered":"Prensa"},"content":{"rendered":"\t\t<div data-elementor-type=\"wp-page\" data-elementor-id=\"5298\" class=\"elementor elementor-5298\" data-elementor-post-type=\"page\">\n\t\t\t\t\t\t<section class=\"elementor-section elementor-top-section elementor-element elementor-element-43f4134 elementor-section-boxed elementor-section-height-default elementor-section-height-default\" data-id=\"43f4134\" data-element_type=\"section\" data-e-type=\"section\">\n\t\t\t\t\t\t<div class=\"elementor-container elementor-column-gap-default\">\n\t\t\t\t\t<div class=\"elementor-column elementor-col-100 elementor-top-column elementor-element elementor-element-d1b11f6\" data-id=\"d1b11f6\" data-element_type=\"column\" data-e-type=\"column\">\n\t\t\t<div class=\"elementor-widget-wrap elementor-element-populated\">\n\t\t\t\t\t\t<div class=\"elementor-element elementor-element-ad4656f elementor-widget elementor-widget-text-editor\" data-id=\"ad4656f\" data-element_type=\"widget\" data-e-type=\"widget\" data-widget_type=\"text-editor.default\">\n\t\t\t\t<div class=\"elementor-widget-container\">\n\t\t\t\t\t\t\t\t\t<p><br \/>ENLUC PAZ EN MEDIOS Y PRENSA<\/p>\t\t\t\t\t\t\t\t<\/div>\n\t\t\t\t<\/div>\n\t\t\t\t\t<\/div>\n\t\t<\/div>\n\t\t\t\t\t<\/div>\n\t\t<\/section>\n\t\t\t\t<section class=\"elementor-section elementor-top-section elementor-element elementor-element-3e31de9 elementor-section-boxed elementor-section-height-default elementor-section-height-default\" data-id=\"3e31de9\" data-element_type=\"section\" data-e-type=\"section\">\n\t\t\t\t\t\t<div class=\"elementor-container elementor-column-gap-default\">\n\t\t\t\t\t<div class=\"elementor-column elementor-col-100 elementor-top-column elementor-element elementor-element-a4818d3\" data-id=\"a4818d3\" data-element_type=\"column\" data-e-type=\"column\">\n\t\t\t<div class=\"elementor-widget-wrap elementor-element-populated\">\n\t\t\t\t\t\t<div class=\"elementor-element elementor-element-744393f elementor-widget elementor-widget-text-editor\" data-id=\"744393f\" data-element_type=\"widget\" data-e-type=\"widget\" data-widget_type=\"text-editor.default\">\n\t\t\t\t<div class=\"elementor-widget-container\">\n\t\t\t\t\t\t\t\t\t<p>ENLUC PAZ ha participado en diferentes medios, eventos y colaboraciones dentro de la industria de la moda, la imagen y la comunicaci\u00f3n. Nuestro trabajo ha sido reconocido por su enfoque integral, su precisi\u00f3n t\u00e9cnica y el cuidado de cada detalle, consolidando nuestra presencia en proyectos y plataformas que impulsan el talento y la creatividad.<\/p><p><strong>Algunos de nuestros momentos en prensa y colaboraciones:<\/strong><\/p>\t\t\t\t\t\t\t\t<\/div>\n\t\t\t\t<\/div>\n\t\t\t\t\t<\/div>\n\t\t<\/div>\n\t\t\t\t\t<\/div>\n\t\t<\/section>\n\t\t\t\t<section class=\"elementor-section elementor-top-section elementor-element elementor-element-4b8e883 elementor-section-boxed elementor-section-height-default elementor-section-height-default\" data-id=\"4b8e883\" data-element_type=\"section\" data-e-type=\"section\">\n\t\t\t\t\t\t<div class=\"elementor-container elementor-column-gap-default\">\n\t\t\t\t\t<div class=\"elementor-column elementor-col-100 elementor-top-column elementor-element elementor-element-ae59886\" data-id=\"ae59886\" data-element_type=\"column\" data-e-type=\"column\">\n\t\t\t<div class=\"elementor-widget-wrap elementor-element-populated\">\n\t\t\t\t\t\t<div class=\"elementor-element elementor-element-f0e7d71 elementor-widget elementor-widget-image\" data-id=\"f0e7d71\" data-element_type=\"widget\" data-e-type=\"widget\" data-widget_type=\"image.default\">\n\t\t\t\t<div class=\"elementor-widget-container\">\n\t\t\t\t\t\t\t\t\t\t\t\t\t\t\t<img decoding=\"async\" width=\"150\" height=\"150\" src=\"https:\/\/enlucpaz.com\/wp-content\/uploads\/2026\/03\/ChatGPT-Image-Mar-31-2026-04_15_32-PM-150x150.png\" class=\"attachment-thumbnail size-thumbnail wp-image-5331\" alt=\"\" \/>\t\t\t\t\t\t\t\t\t\t\t\t\t\t\t<\/div>\n\t\t\t\t<\/div>\n\t\t\t\t\t<\/div>\n\t\t<\/div>\n\t\t\t\t\t<\/div>\n\t\t<\/section>\n\t\t\t\t<section class=\"elementor-section elementor-top-section elementor-element elementor-element-4183f71 elementor-section-boxed elementor-section-height-default elementor-section-height-default\" data-id=\"4183f71\" data-element_type=\"section\" data-e-type=\"section\">\n\t\t\t\t\t\t<div class=\"elementor-container elementor-column-gap-default\">\n\t\t\t\t\t<div class=\"elementor-column elementor-col-25 elementor-top-column elementor-element elementor-element-6dab9a1\" data-id=\"6dab9a1\" data-element_type=\"column\" data-e-type=\"column\">\n\t\t\t<div class=\"elementor-widget-wrap elementor-element-populated\">\n\t\t\t\t\t\t<div class=\"elementor-element elementor-element-53828dc elementor-widget elementor-widget-image\" data-id=\"53828dc\" data-element_type=\"widget\" data-e-type=\"widget\" data-widget_type=\"image.default\">\n\t\t\t\t<div class=\"elementor-widget-container\">\n\t\t\t\t\t\t\t\t\t\t\t\t<figure class=\"wp-caption\">\n\t\t\t\t\t\t\t\t\t\t\t<a href=\"https:\/\/enlucpaz.com\/?page_id=5405\">\n\t\t\t\t\t\t\t<img fetchpriority=\"high\" decoding=\"async\" width=\"1024\" height=\"683\" src=\"https:\/\/enlucpaz.com\/wp-content\/uploads\/2026\/04\/ChatGPT-Image-Apr-2-2026-11_11_00-PM-1024x683.png\" class=\"attachment-large size-large wp-image-5348\" alt=\"\" srcset=\"https:\/\/enlucpaz.com\/wp-content\/uploads\/2026\/04\/ChatGPT-Image-Apr-2-2026-11_11_00-PM-1024x683.png 1024w, https:\/\/enlucpaz.com\/wp-content\/uploads\/2026\/04\/ChatGPT-Image-Apr-2-2026-11_11_00-PM-300x200.png 300w, https:\/\/enlucpaz.com\/wp-content\/uploads\/2026\/04\/ChatGPT-Image-Apr-2-2026-11_11_00-PM-768x512.png 768w, https:\/\/enlucpaz.com\/wp-content\/uploads\/2026\/04\/ChatGPT-Image-Apr-2-2026-11_11_00-PM.png 1536w\" sizes=\"(max-width: 1024px) 100vw, 1024px\" \/>\t\t\t\t\t\t\t\t<\/a>\n\t\t\t\t\t\t\t\t\t\t\t<figcaption class=\"widget-image-caption wp-caption-text\"><\/figcaption>\n\t\t\t\t\t\t\t\t\t\t<\/figure>\n\t\t\t\t\t\t\t\t\t<\/div>\n\t\t\t\t<\/div>\n\t\t\t\t\t<\/div>\n\t\t<\/div>\n\t\t\t\t<div class=\"elementor-column elementor-col-25 elementor-top-column elementor-element elementor-element-86b309c\" data-id=\"86b309c\" data-element_type=\"column\" data-e-type=\"column\">\n\t\t\t<div class=\"elementor-widget-wrap elementor-element-populated\">\n\t\t\t\t\t\t<div class=\"elementor-element elementor-element-f2446d3 elementor-widget elementor-widget-image\" data-id=\"f2446d3\" data-element_type=\"widget\" data-e-type=\"widget\" data-widget_type=\"image.default\">\n\t\t\t\t<div class=\"elementor-widget-container\">\n\t\t\t\t\t\t\t\t\t\t\t\t<figure class=\"wp-caption\">\n\t\t\t\t\t\t\t\t\t\t\t<a href=\"https:\/\/enlucpaz.com\/?cat=18\">\n\t\t\t\t\t\t\t<img decoding=\"async\" width=\"1024\" height=\"683\" src=\"https:\/\/enlucpaz.com\/wp-content\/uploads\/2026\/04\/ChatGPT-Image-Apr-2-2026-11_13_41-PM-1024x683.png\" class=\"attachment-large size-large wp-image-5345\" alt=\"\" srcset=\"https:\/\/enlucpaz.com\/wp-content\/uploads\/2026\/04\/ChatGPT-Image-Apr-2-2026-11_13_41-PM-1024x683.png 1024w, https:\/\/enlucpaz.com\/wp-content\/uploads\/2026\/04\/ChatGPT-Image-Apr-2-2026-11_13_41-PM-300x200.png 300w, https:\/\/enlucpaz.com\/wp-content\/uploads\/2026\/04\/ChatGPT-Image-Apr-2-2026-11_13_41-PM-768x512.png 768w, https:\/\/enlucpaz.com\/wp-content\/uploads\/2026\/04\/ChatGPT-Image-Apr-2-2026-11_13_41-PM.png 1536w\" sizes=\"(max-width: 1024px) 100vw, 1024px\" \/>\t\t\t\t\t\t\t\t<\/a>\n\t\t\t\t\t\t\t\t\t\t\t<figcaption class=\"widget-image-caption wp-caption-text\"><\/figcaption>\n\t\t\t\t\t\t\t\t\t\t<\/figure>\n\t\t\t\t\t\t\t\t\t<\/div>\n\t\t\t\t<\/div>\n\t\t\t\t\t<\/div>\n\t\t<\/div>\n\t\t\t\t<div class=\"elementor-column elementor-col-25 elementor-top-column elementor-element elementor-element-76e295c\" data-id=\"76e295c\" data-element_type=\"column\" data-e-type=\"column\">\n\t\t\t<div class=\"elementor-widget-wrap elementor-element-populated\">\n\t\t\t\t\t\t<div class=\"elementor-element elementor-element-0256055 elementor-widget elementor-widget-image\" data-id=\"0256055\" data-element_type=\"widget\" data-e-type=\"widget\" data-widget_type=\"image.default\">\n\t\t\t\t<div class=\"elementor-widget-container\">\n\t\t\t\t\t\t\t\t\t\t\t\t<figure class=\"wp-caption\">\n\t\t\t\t\t\t\t\t\t\t\t<a href=\"https:\/\/enlucpaz.com\/?cat=18\">\n\t\t\t\t\t\t\t<img loading=\"lazy\" decoding=\"async\" width=\"1024\" height=\"683\" src=\"https:\/\/enlucpaz.com\/wp-content\/uploads\/2026\/04\/ChatGPT-Image-Apr-2-2026-11_12_04-PM-1024x683.png\" class=\"attachment-large size-large wp-image-5347\" alt=\"\" srcset=\"https:\/\/enlucpaz.com\/wp-content\/uploads\/2026\/04\/ChatGPT-Image-Apr-2-2026-11_12_04-PM-1024x683.png 1024w, https:\/\/enlucpaz.com\/wp-content\/uploads\/2026\/04\/ChatGPT-Image-Apr-2-2026-11_12_04-PM-300x200.png 300w, https:\/\/enlucpaz.com\/wp-content\/uploads\/2026\/04\/ChatGPT-Image-Apr-2-2026-11_12_04-PM-768x512.png 768w, https:\/\/enlucpaz.com\/wp-content\/uploads\/2026\/04\/ChatGPT-Image-Apr-2-2026-11_12_04-PM.png 1536w\" sizes=\"(max-width: 1024px) 100vw, 1024px\" \/>\t\t\t\t\t\t\t\t<\/a>\n\t\t\t\t\t\t\t\t\t\t\t<figcaption class=\"widget-image-caption wp-caption-text\"><\/figcaption>\n\t\t\t\t\t\t\t\t\t\t<\/figure>\n\t\t\t\t\t\t\t\t\t<\/div>\n\t\t\t\t<\/div>\n\t\t\t\t\t<\/div>\n\t\t<\/div>\n\t\t\t\t<div class=\"elementor-column elementor-col-25 elementor-top-column elementor-element elementor-element-063820c\" data-id=\"063820c\" data-element_type=\"column\" data-e-type=\"column\">\n\t\t\t<div class=\"elementor-widget-wrap elementor-element-populated\">\n\t\t\t\t\t\t<div class=\"elementor-element elementor-element-4d0eaf8 elementor-widget elementor-widget-image\" data-id=\"4d0eaf8\" data-element_type=\"widget\" data-e-type=\"widget\" data-widget_type=\"image.default\">\n\t\t\t\t<div class=\"elementor-widget-container\">\n\t\t\t\t\t\t\t\t\t\t\t\t<figure class=\"wp-caption\">\n\t\t\t\t\t\t\t\t\t\t\t<a href=\"https:\/\/enlucpaz.com\/?cat=18\">\n\t\t\t\t\t\t\t<img loading=\"lazy\" decoding=\"async\" width=\"1024\" height=\"683\" src=\"https:\/\/enlucpaz.com\/wp-content\/uploads\/2026\/04\/ChatGPT-Image-Apr-2-2026-11_12_53-PM-1024x683.png\" class=\"attachment-large size-large wp-image-5346\" alt=\"\" srcset=\"https:\/\/enlucpaz.com\/wp-content\/uploads\/2026\/04\/ChatGPT-Image-Apr-2-2026-11_12_53-PM-1024x683.png 1024w, https:\/\/enlucpaz.com\/wp-content\/uploads\/2026\/04\/ChatGPT-Image-Apr-2-2026-11_12_53-PM-300x200.png 300w, https:\/\/enlucpaz.com\/wp-content\/uploads\/2026\/04\/ChatGPT-Image-Apr-2-2026-11_12_53-PM-768x512.png 768w, https:\/\/enlucpaz.com\/wp-content\/uploads\/2026\/04\/ChatGPT-Image-Apr-2-2026-11_12_53-PM.png 1536w\" sizes=\"(max-width: 1024px) 100vw, 1024px\" \/>\t\t\t\t\t\t\t\t<\/a>\n\t\t\t\t\t\t\t\t\t\t\t<figcaption class=\"widget-image-caption wp-caption-text\"><\/figcaption>\n\t\t\t\t\t\t\t\t\t\t<\/figure>\n\t\t\t\t\t\t\t\t\t<\/div>\n\t\t\t\t<\/div>\n\t\t\t\t\t<\/div>\n\t\t<\/div>\n\t\t\t\t\t<\/div>\n\t\t<\/section>\n\t\t\t\t<section class=\"elementor-section elementor-top-section elementor-element elementor-element-924173f elementor-section-boxed elementor-section-height-default elementor-section-height-default\" data-id=\"924173f\" data-element_type=\"section\" data-e-type=\"section\">\n\t\t\t\t\t\t<div class=\"elementor-container elementor-column-gap-default\">\n\t\t\t\t\t<div class=\"elementor-column elementor-col-100 elementor-top-column elementor-element elementor-element-a5051b7\" data-id=\"a5051b7\" data-element_type=\"column\" data-e-type=\"column\">\n\t\t\t<div class=\"elementor-widget-wrap elementor-element-populated\">\n\t\t\t\t\t\t<div class=\"elementor-element elementor-element-c8b4c6c elementor-widget elementor-widget-spacer\" data-id=\"c8b4c6c\" data-element_type=\"widget\" data-e-type=\"widget\" data-widget_type=\"spacer.default\">\n\t\t\t\t<div class=\"elementor-widget-container\">\n\t\t\t\t\t\t\t<div class=\"elementor-spacer\">\n\t\t\t<div class=\"elementor-spacer-inner\"><\/div>\n\t\t<\/div>\n\t\t\t\t\t\t<\/div>\n\t\t\t\t<\/div>\n\t\t\t\t\t<\/div>\n\t\t<\/div>\n\t\t\t\t\t<\/div>\n\t\t<\/section>\n\t\t\t\t<\/div>\n\t\t","protected":false},"excerpt":{"rendered":"<p>ENLUC PAZ EN MEDIOS Y PRENSA ENLUC PAZ ha participado en diferentes medios, eventos y colaboraciones dentro de la industria de la moda, la imagen y la comunicaci\u00f3n. Nuestro trabajo ha sido reconocido por su enfoque integral, su precisi\u00f3n t\u00e9cnica y el cuidado de cada detalle, consolidando nuestra presencia en proyectos y plataformas que impulsan [&hellip;]<\/p>\n","protected":false},"author":1,"featured_media":0,"parent":0,"menu_order":0,"comment_status":"closed","ping_status":"closed","template":"","meta":{"_uag_custom_page_level_css":"","_monsterinsights_skip_tracking":false,"_monsterinsights_sitenote_active":false,"_monsterinsights_sitenote_note":"","_monsterinsights_sitenote_category":0,"site-sidebar-layout":"no-sidebar","site-content-layout":"page-builder","ast-site-content-layout":"full-width-container","site-content-style":"default","site-sidebar-style":"default","ast-global-header-display":"","ast-banner-title-visibility":"","ast-main-header-display":"","ast-hfb-above-header-display":"","ast-hfb-below-header-display":"","ast-hfb-mobile-header-display":"","site-post-title":"","ast-breadcrumbs-content":"","ast-featured-img":"disabled","footer-sml-layout":"","ast-disable-related-posts":"","theme-transparent-header-meta":"","adv-header-id-meta":"","stick-header-meta":"","header-above-stick-meta":"","header-main-stick-meta":"","header-below-stick-meta":"","astra-migrate-meta-layouts":"set","ast-page-background-enabled":"default","ast-page-background-meta":{"desktop":{"background-color":"","background-image":"","background-repeat":"repeat","background-position":"center center","background-size":"auto","background-attachment":"scroll","background-type":"","background-media":"","overlay-type":"","overlay-color":"","overlay-opacity":"","overlay-gradient":""},"tablet":{"background-color":"","background-image":"","background-repeat":"repeat","background-position":"center center","background-size":"auto","background-attachment":"scroll","background-type":"","background-media":"","overlay-type":"","overlay-color":"","overlay-opacity":"","overlay-gradient":""},"mobile":{"background-color":"","background-image":"","background-repeat":"repeat","background-position":"center center","background-size":"auto","background-attachment":"scroll","background-type":"","background-media":"","overlay-type":"","overlay-color":"","overlay-opacity":"","overlay-gradient":""}},"ast-content-background-meta":{"desktop":{"background-color":"var(--ast-global-color-5)","background-image":"","background-repeat":"repeat","background-position":"center center","background-size":"auto","background-attachment":"scroll","background-type":"","background-media":"","overlay-type":"","overlay-color":"","overlay-opacity":"","overlay-gradient":""},"tablet":{"background-color":"var(--ast-global-color-5)","background-image":"","background-repeat":"repeat","background-position":"center center","background-size":"auto","background-attachment":"scroll","background-type":"","background-media":"","overlay-type":"","overlay-color":"","overlay-opacity":"","overlay-gradient":""},"mobile":{"background-color":"var(--ast-global-color-5)","background-image":"","background-repeat":"repeat","background-position":"center center","background-size":"auto","background-attachment":"scroll","background-type":"","background-media":"","overlay-type":"","overlay-color":"","overlay-opacity":"","overlay-gradient":""}},"footnotes":""},"categories":[],"class_list":["post-5298","page","type-page","status-publish","hentry"],"yoast_head":"<!-- This site is optimized with the Yoast SEO plugin v27.4 - https:\/\/yoast.com\/product\/yoast-seo-wordpress\/ -->\n<title>Prensa - Enluc Paz Academia de modelaje en Mallorca<\/title>\n<meta name=\"robots\" content=\"index, follow, max-snippet:-1, max-image-preview:large, max-video-preview:-1\" \/>\n<link rel=\"canonical\" href=\"https:\/\/enlucpaz.com\/?page_id=5298\" \/>\n<meta property=\"og:locale\" content=\"en_US\" \/>\n<meta property=\"og:type\" content=\"article\" \/>\n<meta property=\"og:title\" content=\"Prensa - Enluc Paz Academia de modelaje en Mallorca\" \/>\n<meta property=\"og:description\" content=\"ENLUC PAZ EN MEDIOS Y PRENSA ENLUC PAZ ha participado en diferentes medios, eventos y colaboraciones dentro de la industria de la moda, la imagen y la comunicaci\u00f3n. Nuestro trabajo ha sido reconocido por su enfoque integral, su precisi\u00f3n t\u00e9cnica y el cuidado de cada detalle, consolidando nuestra presencia en proyectos y plataformas que impulsan [&hellip;]\" \/>\n<meta property=\"og:url\" content=\"https:\/\/enlucpaz.com\/?page_id=5298\" \/>\n<meta property=\"og:site_name\" content=\"Enluc Paz Academia de modelaje en Mallorca\" \/>\n<meta property=\"article:publisher\" content=\"https:\/\/www.facebook.com\/enlucpaz\" \/>\n<meta property=\"article:modified_time\" content=\"2026-04-03T14:47:21+00:00\" \/>\n<meta property=\"og:image\" content=\"https:\/\/enlucpaz.com\/wp-content\/uploads\/2026\/03\/ChatGPT-Image-Mar-31-2026-04_15_32-PM-1024x683.png\" \/>\n\t<meta property=\"og:image:width\" content=\"1024\" \/>\n\t<meta property=\"og:image:height\" content=\"683\" \/>\n\t<meta property=\"og:image:type\" content=\"image\/png\" \/>\n<meta name=\"twitter:card\" content=\"summary_large_image\" \/>\n<meta name=\"twitter:label1\" content=\"Est. reading time\" \/>\n\t<meta name=\"twitter:data1\" content=\"2 minutes\" \/>\n<script type=\"application\/ld+json\" class=\"yoast-schema-graph\">{\"@context\":\"https:\\\/\\\/schema.org\",\"@graph\":[{\"@type\":\"WebPage\",\"@id\":\"https:\\\/\\\/enlucpaz.com\\\/?page_id=5298\",\"url\":\"https:\\\/\\\/enlucpaz.com\\\/?page_id=5298\",\"name\":\"Prensa - Enluc Paz Academia de modelaje en Mallorca\",\"isPartOf\":{\"@id\":\"https:\\\/\\\/enlucpaz.com\\\/#website\"},\"primaryImageOfPage\":{\"@id\":\"https:\\\/\\\/enlucpaz.com\\\/?page_id=5298#primaryimage\"},\"image\":{\"@id\":\"https:\\\/\\\/enlucpaz.com\\\/?page_id=5298#primaryimage\"},\"thumbnailUrl\":\"https:\\\/\\\/enlucpaz.com\\\/wp-content\\\/uploads\\\/2026\\\/03\\\/ChatGPT-Image-Mar-31-2026-04_15_32-PM-150x150.png\",\"datePublished\":\"2026-03-31T13:34:34+00:00\",\"dateModified\":\"2026-04-03T14:47:21+00:00\",\"breadcrumb\":{\"@id\":\"https:\\\/\\\/enlucpaz.com\\\/?page_id=5298#breadcrumb\"},\"inLanguage\":\"en-US\",\"potentialAction\":[{\"@type\":\"ReadAction\",\"target\":[\"https:\\\/\\\/enlucpaz.com\\\/?page_id=5298\"]}]},{\"@type\":\"ImageObject\",\"inLanguage\":\"en-US\",\"@id\":\"https:\\\/\\\/enlucpaz.com\\\/?page_id=5298#primaryimage\",\"url\":\"https:\\\/\\\/enlucpaz.com\\\/wp-content\\\/uploads\\\/2026\\\/03\\\/ChatGPT-Image-Mar-31-2026-04_15_32-PM.png\",\"contentUrl\":\"https:\\\/\\\/enlucpaz.com\\\/wp-content\\\/uploads\\\/2026\\\/03\\\/ChatGPT-Image-Mar-31-2026-04_15_32-PM.png\",\"width\":1536,\"height\":1024},{\"@type\":\"BreadcrumbList\",\"@id\":\"https:\\\/\\\/enlucpaz.com\\\/?page_id=5298#breadcrumb\",\"itemListElement\":[{\"@type\":\"ListItem\",\"position\":1,\"name\":\"Portada\",\"item\":\"https:\\\/\\\/enlucpaz.com\\\/\"},{\"@type\":\"ListItem\",\"position\":2,\"name\":\"Prensa\"}]},{\"@type\":\"WebSite\",\"@id\":\"https:\\\/\\\/enlucpaz.com\\\/#website\",\"url\":\"https:\\\/\\\/enlucpaz.com\\\/\",\"name\":\"Enluc Paz Academia de modelaje en Mallorca\",\"description\":\"&quot;Descubre la marca personal E N L U C PAZ, l\u00edder en Mallorca en Maquillaje, Dise\u00f1o de Moda y Modelaje profesional. Desde 2014, nos destacamos por realzar la belleza con modernidad y respeto, apostando por la inclusi\u00f3n y el individualismo en el mundo de la moda.&quot;\",\"publisher\":{\"@id\":\"https:\\\/\\\/enlucpaz.com\\\/#organization\"},\"alternateName\":\"Agencia de modelos en Mallorca\",\"potentialAction\":[{\"@type\":\"SearchAction\",\"target\":{\"@type\":\"EntryPoint\",\"urlTemplate\":\"https:\\\/\\\/enlucpaz.com\\\/?s={search_term_string}\"},\"query-input\":{\"@type\":\"PropertyValueSpecification\",\"valueRequired\":true,\"valueName\":\"search_term_string\"}}],\"inLanguage\":\"en-US\"},{\"@type\":\"Organization\",\"@id\":\"https:\\\/\\\/enlucpaz.com\\\/#organization\",\"name\":\"ENLUC PAZ\",\"url\":\"https:\\\/\\\/enlucpaz.com\\\/\",\"logo\":{\"@type\":\"ImageObject\",\"inLanguage\":\"en-US\",\"@id\":\"https:\\\/\\\/enlucpaz.com\\\/#\\\/schema\\\/logo\\\/image\\\/\",\"url\":\"https:\\\/\\\/enlucpaz.com\\\/wp-content\\\/uploads\\\/2023\\\/08\\\/cropped-LOGO_ENLUC_OFFICIAL-transformed.png\",\"contentUrl\":\"https:\\\/\\\/enlucpaz.com\\\/wp-content\\\/uploads\\\/2023\\\/08\\\/cropped-LOGO_ENLUC_OFFICIAL-transformed.png\",\"width\":1147,\"height\":1076,\"caption\":\"ENLUC PAZ\"},\"image\":{\"@id\":\"https:\\\/\\\/enlucpaz.com\\\/#\\\/schema\\\/logo\\\/image\\\/\"},\"sameAs\":[\"https:\\\/\\\/www.facebook.com\\\/enlucpaz\",\"https:\\\/\\\/www.instagram.com\\\/enlucpaz\\\/\",\"https:\\\/\\\/www.youtube.com\\\/@enlucpaz\"]}]}<\/script>\n<!-- \/ Yoast SEO plugin. -->","yoast_head_json":{"title":"Prensa - Enluc Paz Academia de modelaje en Mallorca","robots":{"index":"index","follow":"follow","max-snippet":"max-snippet:-1","max-image-preview":"max-image-preview:large","max-video-preview":"max-video-preview:-1"},"canonical":"https:\/\/enlucpaz.com\/?page_id=5298","og_locale":"en_US","og_type":"article","og_title":"Prensa - Enluc Paz Academia de modelaje en Mallorca","og_description":"ENLUC PAZ EN MEDIOS Y PRENSA ENLUC PAZ ha participado en diferentes medios, eventos y colaboraciones dentro de la industria de la moda, la imagen y la comunicaci\u00f3n. Nuestro trabajo ha sido reconocido por su enfoque integral, su precisi\u00f3n t\u00e9cnica y el cuidado de cada detalle, consolidando nuestra presencia en proyectos y plataformas que impulsan [&hellip;]","og_url":"https:\/\/enlucpaz.com\/?page_id=5298","og_site_name":"Enluc Paz Academia de modelaje en Mallorca","article_publisher":"https:\/\/www.facebook.com\/enlucpaz","article_modified_time":"2026-04-03T14:47:21+00:00","og_image":[{"width":1024,"height":683,"url":"https:\/\/enlucpaz.com\/wp-content\/uploads\/2026\/03\/ChatGPT-Image-Mar-31-2026-04_15_32-PM-1024x683.png","type":"image\/png"}],"twitter_card":"summary_large_image","twitter_misc":{"Est. reading time":"2 minutes"},"schema":{"@context":"https:\/\/schema.org","@graph":[{"@type":"WebPage","@id":"https:\/\/enlucpaz.com\/?page_id=5298","url":"https:\/\/enlucpaz.com\/?page_id=5298","name":"Prensa - Enluc Paz Academia de modelaje en Mallorca","isPartOf":{"@id":"https:\/\/enlucpaz.com\/#website"},"primaryImageOfPage":{"@id":"https:\/\/enlucpaz.com\/?page_id=5298#primaryimage"},"image":{"@id":"https:\/\/enlucpaz.com\/?page_id=5298#primaryimage"},"thumbnailUrl":"https:\/\/enlucpaz.com\/wp-content\/uploads\/2026\/03\/ChatGPT-Image-Mar-31-2026-04_15_32-PM-150x150.png","datePublished":"2026-03-31T13:34:34+00:00","dateModified":"2026-04-03T14:47:21+00:00","breadcrumb":{"@id":"https:\/\/enlucpaz.com\/?page_id=5298#breadcrumb"},"inLanguage":"en-US","potentialAction":[{"@type":"ReadAction","target":["https:\/\/enlucpaz.com\/?page_id=5298"]}]},{"@type":"ImageObject","inLanguage":"en-US","@id":"https:\/\/enlucpaz.com\/?page_id=5298#primaryimage","url":"https:\/\/enlucpaz.com\/wp-content\/uploads\/2026\/03\/ChatGPT-Image-Mar-31-2026-04_15_32-PM.png","contentUrl":"https:\/\/enlucpaz.com\/wp-content\/uploads\/2026\/03\/ChatGPT-Image-Mar-31-2026-04_15_32-PM.png","width":1536,"height":1024},{"@type":"BreadcrumbList","@id":"https:\/\/enlucpaz.com\/?page_id=5298#breadcrumb","itemListElement":[{"@type":"ListItem","position":1,"name":"Portada","item":"https:\/\/enlucpaz.com\/"},{"@type":"ListItem","position":2,"name":"Prensa"}]},{"@type":"WebSite","@id":"https:\/\/enlucpaz.com\/#website","url":"https:\/\/enlucpaz.com\/","name":"Enluc Paz Academia de modelaje en Mallorca","description":"&quot;Descubre la marca personal E N L U C PAZ, l\u00edder en Mallorca en Maquillaje, Dise\u00f1o de Moda y Modelaje profesional. Desde 2014, nos destacamos por realzar la belleza con modernidad y respeto, apostando por la inclusi\u00f3n y el individualismo en el mundo de la moda.&quot;","publisher":{"@id":"https:\/\/enlucpaz.com\/#organization"},"alternateName":"Agencia de modelos en Mallorca","potentialAction":[{"@type":"SearchAction","target":{"@type":"EntryPoint","urlTemplate":"https:\/\/enlucpaz.com\/?s={search_term_string}"},"query-input":{"@type":"PropertyValueSpecification","valueRequired":true,"valueName":"search_term_string"}}],"inLanguage":"en-US"},{"@type":"Organization","@id":"https:\/\/enlucpaz.com\/#organization","name":"ENLUC PAZ","url":"https:\/\/enlucpaz.com\/","logo":{"@type":"ImageObject","inLanguage":"en-US","@id":"https:\/\/enlucpaz.com\/#\/schema\/logo\/image\/","url":"https:\/\/enlucpaz.com\/wp-content\/uploads\/2023\/08\/cropped-LOGO_ENLUC_OFFICIAL-transformed.png","contentUrl":"https:\/\/enlucpaz.com\/wp-content\/uploads\/2023\/08\/cropped-LOGO_ENLUC_OFFICIAL-transformed.png","width":1147,"height":1076,"caption":"ENLUC PAZ"},"image":{"@id":"https:\/\/enlucpaz.com\/#\/schema\/logo\/image\/"},"sameAs":["https:\/\/www.facebook.com\/enlucpaz","https:\/\/www.instagram.com\/enlucpaz\/","https:\/\/www.youtube.com\/@enlucpaz"]}]}},"uagb_featured_image_src":{"full":false,"thumbnail":false,"medium":false,"medium_large":false,"large":false,"1536x1536":false,"2048x2048":false},"uagb_author_info":{"display_name":"enlucpaz.com","author_link":"https:\/\/enlucpaz.com\/?author=1"},"uagb_comment_info":0,"uagb_excerpt":"ENLUC PAZ EN MEDIOS Y PRENSA ENLUC PAZ ha participado en diferentes medios, eventos y colaboraciones dentro de la industria de la moda, la imagen y la comunicaci\u00f3n. Nuestro trabajo ha sido reconocido por su enfoque integral, su precisi\u00f3n t\u00e9cnica y el cuidado de cada detalle, consolidando nuestra presencia en proyectos y plataformas que impulsan&hellip;","_links":{"self":[{"href":"https:\/\/enlucpaz.com\/index.php?rest_route=\/wp\/v2\/pages\/5298","targetHints":{"allow":["GET"]}}],"collection":[{"href":"https:\/\/enlucpaz.com\/index.php?rest_route=\/wp\/v2\/pages"}],"about":[{"href":"https:\/\/enlucpaz.com\/index.php?rest_route=\/wp\/v2\/types\/page"}],"author":[{"embeddable":true,"href":"https:\/\/enlucpaz.com\/index.php?rest_route=\/wp\/v2\/users\/1"}],"replies":[{"embeddable":true,"href":"https:\/\/enlucpaz.com\/index.php?rest_route=%2Fwp%2Fv2%2Fcomments&post=5298"}],"version-history":[{"count":37,"href":"https:\/\/enlucpaz.com\/index.php?rest_route=\/wp\/v2\/pages\/5298\/revisions"}],"predecessor-version":[{"id":5415,"href":"https:\/\/enlucpaz.com\/index.php?rest_route=\/wp\/v2\/pages\/5298\/revisions\/5415"}],"wp:attachment":[{"href":"https:\/\/enlucpaz.com\/index.php?rest_route=%2Fwp%2Fv2%2Fmedia&parent=5298"}],"wp:term":[{"taxonomy":"category","embeddable":true,"href":"https:\/\/enlucpaz.com\/index.php?rest_route=%2Fwp%2Fv2%2Fcategories&post=5298"}],"curies":[{"name":"wp","href":"https:\/\/api.w.org\/{rel}","templated":true}]}}